{"id":393,"date":"2021-11-25T17:55:46","date_gmt":"2021-11-25T20:55:46","guid":{"rendered":"http:\/\/japao.zpublicidade.com\/?page_id=393"},"modified":"2021-12-08T20:52:43","modified_gmt":"2021-12-08T23:52:43","slug":"nossa-historia-2","status":"publish","type":"page","link":"https:\/\/japao.zpublicidade.com\/index.php\/nossa-historia-2\/","title":{"rendered":"NOSSA HIST\u00d3RIA"},"content":{"rendered":"\t\t<div data-elementor-type=\"wp-page\" data-elementor-id=\"393\" class=\"elementor elementor-393\" data-elementor-settings=\"[]\">\n\t\t\t\t\t\t\t<div class=\"elementor-section-wrap\">\n\t\t\t\t\t\t\t<section class=\"elementor-section elementor-top-section elementor-element elementor-element-6b31e80 elementor-section-boxed elementor-section-height-default elementor-section-height-default\" data-id=\"6b31e80\" data-element_type=\"section\">\n\t\t\t\t\t\t<div class=\"elementor-container elementor-column-gap-default\">\n\t\t\t\t\t<div class=\"elementor-column elementor-col-100 elementor-top-column elementor-element elementor-element-67b51bf\" data-id=\"67b51bf\" data-element_type=\"column\">\n\t\t\t<div class=\"elementor-widget-wrap elementor-element-populated\">\n\t\t\t\t\t\t\t\t<section class=\"elementor-section elementor-inner-section elementor-element elementor-element-6a7cfae elementor-section-boxed elementor-section-height-default elementor-section-height-default\" data-id=\"6a7cfae\" data-element_type=\"section\">\n\t\t\t\t\t\t<div class=\"elementor-container elementor-column-gap-default\">\n\t\t\t\t\t<div class=\"elementor-column elementor-col-50 elementor-inner-column elementor-element elementor-element-2568b66\" data-id=\"2568b66\" data-element_type=\"column\">\n\t\t\t<div class=\"elementor-widget-wrap\">\n\t\t\t\t\t\t\t\t\t<\/div>\n\t\t<\/div>\n\t\t\t\t<div class=\"elementor-column elementor-col-50 elementor-inner-column elementor-element elementor-element-4054018\" data-id=\"4054018\" data-element_type=\"column\">\n\t\t\t<div class=\"elementor-widget-wrap elementor-element-populated\">\n\t\t\t\t\t\t\t\t<div class=\"elementor-element elementor-element-b7076e0 elementor-widget elementor-widget-spacer\" data-id=\"b7076e0\" data-element_type=\"widget\" data-widget_type=\"spacer.default\">\n\t\t\t\t<div class=\"elementor-widget-container\">\n\t\t\t\t\t<div class=\"elementor-spacer\">\n\t\t\t<div class=\"elementor-spacer-inner\"><\/div>\n\t\t<\/div>\n\t\t\t\t<\/div>\n\t\t\t\t<\/div>\n\t\t\t\t<div class=\"elementor-element elementor-element-6edb12e elementor-widget elementor-widget-heading\" data-id=\"6edb12e\" data-element_type=\"widget\" data-widget_type=\"heading.default\">\n\t\t\t\t<div class=\"elementor-widget-container\">\n\t\t\t<h2 class=\"elementor-heading-title elementor-size-default\">NOSSA HIST\u00d3RIA<\/h2>\t\t<\/div>\n\t\t\t\t<\/div>\n\t\t\t\t\t<\/div>\n\t\t<\/div>\n\t\t\t\t\t\t\t<\/div>\n\t\t<\/section>\n\t\t\t\t<div class=\"elementor-element elementor-element-a733350 elementor-widget elementor-widget-spacer\" data-id=\"a733350\" data-element_type=\"widget\" data-widget_type=\"spacer.default\">\n\t\t\t\t<div class=\"elementor-widget-container\">\n\t\t\t\t\t<div class=\"elementor-spacer\">\n\t\t\t<div class=\"elementor-spacer-inner\"><\/div>\n\t\t<\/div>\n\t\t\t\t<\/div>\n\t\t\t\t<\/div>\n\t\t\t\t<section class=\"elementor-section elementor-inner-section elementor-element elementor-element-5c2beeb elementor-section-boxed elementor-section-height-default elementor-section-height-default\" data-id=\"5c2beeb\" data-element_type=\"section\">\n\t\t\t\t\t\t<div class=\"elementor-container elementor-column-gap-default\">\n\t\t\t\t\t<div class=\"elementor-column elementor-col-33 elementor-inner-column elementor-element elementor-element-abf957c\" data-id=\"abf957c\" data-element_type=\"column\">\n\t\t\t<div class=\"elementor-widget-wrap\">\n\t\t\t\t\t\t\t\t\t<\/div>\n\t\t<\/div>\n\t\t\t\t<div class=\"elementor-column elementor-col-33 elementor-inner-column elementor-element elementor-element-ef35e47\" data-id=\"ef35e47\" data-element_type=\"column\">\n\t\t\t<div class=\"elementor-widget-wrap elementor-element-populated\">\n\t\t\t\t\t\t\t\t<div class=\"elementor-element elementor-element-674ed97 elementor-widget elementor-widget-text-editor\" data-id=\"674ed97\" data-element_type=\"widget\" data-widget_type=\"text-editor.default\">\n\t\t\t\t<div class=\"elementor-widget-container\">\n\t\t\t\t\t\t\t<div class=\"entry-content clear\"><section class=\"wp-block-uagb-section uagb-section__wrap uagb-section__background-undefined uagb-block-72646421\"><div class=\"uagb-section__inner-wrap\"><p>Jap\u00e3o (em japon\u00eas: \u65e5\u672c; romaniz.: Nihon, Nippon ou, arcaicamente, Jippon; oficialmente \u65e5\u672c\u56fd, Sobre este somNippon-koku (ajuda\u00b7info) ou koku, tradu\u00e7\u00e3o literal: Estado do Jap\u00e3o) \u00e9 um pa\u00eds insular da \u00c1sia Oriental. Localizado no Oceano Pac\u00edfico, a leste do Mar do Jap\u00e3o, da Rep\u00fablica Popular da China, da Coreia do Norte, da Coreia do Sul e da R\u00fassia, se estendendo do Mar de Okhotsk, no norte, ao Mar da China Oriental e Taiwan, ao sul. Os caracteres que comp\u00f5em seu nome significam \u201cOrigem do Sol\u201d, raz\u00e3o pela qual o Jap\u00e3o \u00e9 \u00e0s vezes identificado como a \u201cTerra do Sol Nascente\u201d.<\/p><p>O pa\u00eds \u00e9 um arquip\u00e9lago de 6 852 ilhas, cujas quatro maiores s\u00e3o Honshu, Hokkaido, Kyushu e Shikoku, representando em conjunto 97% da \u00e1rea terrestre nacional. A maior parte das ilhas \u00e9 montanhosa, com muitos vulc\u00f5es como, por exemplo, os Alpes japoneses e o Monte Fuji. O Jap\u00e3o possui a d\u00e9cima maior popula\u00e7\u00e3o do mundo, com cerca de 128 milh\u00f5es de habitantes. A Regi\u00e3o Metropolitana de T\u00f3quio, que inclui a capital de facto de T\u00f3quio e v\u00e1rias prefeituras adjacentes, \u00e9 a maior \u00e1rea metropolitana do mundo, com mais de 30 milh\u00f5es de habitantes.<\/p><p>Pesquisas arqueol\u00f3gicas indicam que humanos j\u00e1 viviam nas ilhas japonesas no per\u00edodo Paleol\u00edtico Superior. A primeira men\u00e7\u00e3o escrita do Jap\u00e3o come\u00e7a com uma breve apari\u00e7\u00e3o em textos hist\u00f3ricos chineses do s\u00e9culo I d.C.. A influ\u00eancia do resto do mundo seguida por longos per\u00edodos de isolamento tem caracterizado a hist\u00f3ria do pa\u00eds. Desde a sua constitui\u00e7\u00e3o em 1947, o Jap\u00e3o se manteve como uma monarquia constitucional unit\u00e1ria com um imperador e um parlamento eleito, a Dieta.<\/p><p>Como grande pot\u00eancia econ\u00f4mica, possui a terceira maior economia do mundo em PIB nominal e a quarta maior em poder de compra. \u00c9 tamb\u00e9m o quarto maior exportador e o quarto maior importador do mundo, al\u00e9m de ser o \u00fanico pa\u00eds asi\u00e1tico membro do G7. O pa\u00eds mant\u00e9m uma for\u00e7a de seguran\u00e7a moderna e ampla, utilizada para autodefesa e para fun\u00e7\u00f5es de manuten\u00e7\u00e3o da paz. O Jap\u00e3o possui um padr\u00e3o de vida muito alto (17\u00ba maior IDH), com a maior expectativa de vida do mundo (de acordo com estimativas da ONU e da OMS) e a terceira menor taxa de mortalidade infantil.O pa\u00eds tamb\u00e9m faz parte do G20, grupo formado pelas 19 maiores economias do mundo mais a Uni\u00e3o Europeia.<\/p><\/div><\/section><\/div>\t\t\t\t\t\t<\/div>\n\t\t\t\t<\/div>\n\t\t\t\t\t<\/div>\n\t\t<\/div>\n\t\t\t\t<div class=\"elementor-column elementor-col-33 elementor-inner-column elementor-element elementor-element-5108bc4\" data-id=\"5108bc4\" data-element_type=\"column\">\n\t\t\t<div class=\"elementor-widget-wrap\">\n\t\t\t\t\t\t\t\t\t<\/div>\n\t\t<\/div>\n\t\t\t\t\t\t\t<\/div>\n\t\t<\/section>\n\t\t\t\t<div class=\"elementor-element elementor-element-039f10b elementor-widget elementor-widget-text-editor\" data-id=\"039f10b\" data-element_type=\"widget\" data-widget_type=\"text-editor.default\">\n\t\t\t\t<div class=\"elementor-widget-container\">\n\t\t\t\t\t\t\t\t\t\t\t\t\t<\/div>\n\t\t\t\t<\/div>\n\t\t\t\t<div class=\"elementor-element elementor-element-85c5b87 elementor-widget elementor-widget-spacer\" data-id=\"85c5b87\" data-element_type=\"widget\" data-widget_type=\"spacer.default\">\n\t\t\t\t<div class=\"elementor-widget-container\">\n\t\t\t\t\t<div class=\"elementor-spacer\">\n\t\t\t<div class=\"elementor-spacer-inner\"><\/div>\n\t\t<\/div>\n\t\t\t\t<\/div>\n\t\t\t\t<\/div>\n\t\t\t\t<div class=\"elementor-element elementor-element-d754983 elementor-widget elementor-widget-spacer\" data-id=\"d754983\" data-element_type=\"widget\" data-widget_type=\"spacer.default\">\n\t\t\t\t<div class=\"elementor-widget-container\">\n\t\t\t\t\t<div class=\"elementor-spacer\">\n\t\t\t<div class=\"elementor-spacer-inner\"><\/div>\n\t\t<\/div>\n\t\t\t\t<\/div>\n\t\t\t\t<\/div>\n\t\t\t\t\t<\/div>\n\t\t<\/div>\n\t\t\t\t\t\t\t<\/div>\n\t\t<\/section>\n\t\t\t\t\t\t<\/div>\n\t\t\t\t\t<\/div>\n\t\t","protected":false},"excerpt":{"rendered":"<p>NOSSA HIST\u00d3RIA Jap\u00e3o (em japon\u00eas: \u65e5\u672c; romaniz.: Nihon, Nippon ou, arcaicamente, Jippon; oficialmente \u65e5\u672c\u56fd, Sobre este somNippon-koku (ajuda\u00b7info) ou koku, tradu\u00e7\u00e3o literal: Estado do Jap\u00e3o) \u00e9 um pa\u00eds insular da \u00c1sia Oriental. Localizado no Oceano Pac\u00edfico, a leste do Mar do Jap\u00e3o, da Rep\u00fablica Popular da China, da Coreia do Norte, da Coreia do Sul &hellip;<\/p>\n<p class=\"read-more\"> <a class=\"\" href=\"https:\/\/japao.zpublicidade.com\/index.php\/nossa-historia-2\/\"> <span class=\"screen-reader-text\">NOSSA HIST\u00d3RIA<\/span> Read More &raquo;<\/a><\/p>\n","protected":false},"author":1,"featured_media":0,"parent":0,"menu_order":0,"comment_status":"closed","ping_status":"closed","template":"","meta":{"om_disable_all_campaigns":false,"_monsterinsights_skip_tracking":false,"_monsterinsights_sitenote_active":false,"_monsterinsights_sitenote_note":"","_monsterinsights_sitenote_category":0,"site-sidebar-layout":"no-sidebar","site-content-layout":"page-builder","ast-main-header-display":"","ast-hfb-above-header-display":"","ast-hfb-below-header-display":"","ast-hfb-mobile-header-display":"","site-post-title":"disabled","ast-breadcrumbs-content":"","ast-featured-img":"disabled","footer-sml-layout":"","theme-transparent-header-meta":"","adv-header-id-meta":"","stick-header-meta":"","header-above-stick-meta":"","header-main-stick-meta":"","header-below-stick-meta":"","footnotes":""},"class_list":["post-393","page","type-page","status-publish","hentry"],"uagb_featured_image_src":{"full":false,"thumbnail":false,"medium":false,"medium_large":false,"large":false,"1536x1536":false,"2048x2048":false},"uagb_author_info":{"display_name":"japao","author_link":"https:\/\/japao.zpublicidade.com\/index.php\/author\/japao\/"},"uagb_comment_info":0,"uagb_excerpt":"NOSSA HIST\u00d3RIA Jap\u00e3o (em japon\u00eas: \u65e5\u672c; romaniz.: Nihon, Nippon ou, arcaicamente, Jippon; oficialmente \u65e5\u672c\u56fd, Sobre este somNippon-koku (ajuda\u00b7info) ou koku, tradu\u00e7\u00e3o literal: Estado do Jap\u00e3o) \u00e9 um pa\u00eds insular da \u00c1sia Oriental. Localizado no Oceano Pac\u00edfico, a leste do Mar do Jap\u00e3o, da Rep\u00fablica Popular da China, da Coreia do Norte, da Coreia do Sul&hellip;","_links":{"self":[{"href":"https:\/\/japao.zpublicidade.com\/index.php\/wp-json\/wp\/v2\/pages\/393","targetHints":{"allow":["GET"]}}],"collection":[{"href":"https:\/\/japao.zpublicidade.com\/index.php\/wp-json\/wp\/v2\/pages"}],"about":[{"href":"https:\/\/japao.zpublicidade.com\/index.php\/wp-json\/wp\/v2\/types\/page"}],"author":[{"embeddable":true,"href":"https:\/\/japao.zpublicidade.com\/index.php\/wp-json\/wp\/v2\/users\/1"}],"replies":[{"embeddable":true,"href":"https:\/\/japao.zpublicidade.com\/index.php\/wp-json\/wp\/v2\/comments?post=393"}],"version-history":[{"count":25,"href":"https:\/\/japao.zpublicidade.com\/index.php\/wp-json\/wp\/v2\/pages\/393\/revisions"}],"predecessor-version":[{"id":663,"href":"https:\/\/japao.zpublicidade.com\/index.php\/wp-json\/wp\/v2\/pages\/393\/revisions\/663"}],"wp:attachment":[{"href":"https:\/\/japao.zpublicidade.com\/index.php\/wp-json\/wp\/v2\/media?parent=393"}],"curies":[{"name":"wp","href":"https:\/\/api.w.org\/{rel}","templated":true}]}}